-68
(-18 - 59) + -71 + 213
65
Calculate -35 - (-41 + -4 - (-305 - -357)).
62
(45 - (101 + -58)) + 44
46
Evaluate (-26276 - -26168) + 218 + 0.
110
Calculate 16 - (-6 + 1 - -11) - (76 + -91).
25
27 + -19 + (-7 - -7) + 1 + 0
9
What is the value of -4 + 0 + (5 - 4) + 2 - (-83 + 9)?
73
What is -12 + -17 + 19 + (9 - -12 - 34)?
-23
Evaluate 45 - (157 + 46 + -104).
-54
What is -73 + 35 + (-51 - -41)?
-48
Evaluate -12 - ((5 - (-20 + -5)) + (15 - (-19 - -29))).
-47
What is the value of (6 + 8 + -6 + 0 - 23) + -7?
-22
What is 13 + (72 - 94) + 44?
35
-55 - (39 - -45 - 204)
65
Calculate 21 + (-14 + 19 - -60).
86
What is the value of 27 + 13 + 607 + -604?
43
(-17 - (45 - (-6 - -19))) + (2 - 2) + 4
-45
What is (73 + -39 + -13 - 12) + (1 - 19)?
-9
-61 + (28 - ((-29 - -53) + -8 + 2))
-51
-4 + 65 - -3 - ((-8 - -30) + -8)
50
Evaluate 20 + -46 + 115 + -41.
48
(2 - -16) + 140 + -157
1
-13 - (10 - (21 - 15 - -4))
-13
What is the value of -44 - (40 + -44) - -36 - (35 + 1)?
-40
Evaluate (8 - (-32 + 31) - (-1 - 3)) + 17.
30
What is the value of 14 + 0 - -1 - (511 + -506) - -27?
37
What is -1 + -92 + (-7219 - -7213)?
-99
2 + (2 - 10) - (99 - -8 - 70)
-43
Evaluate 0 + -74 + -186 + (64 - -111).
-85
What is -28 + 28 - -45 - 40?
5
Calculate 0 + 17 - (2 + (56 - 17)).
-24
What is the value of (1 - -33 - (-935 - -925)) + 19?
63
131 + 3 + 18 + -167 + 148
133
Evaluate 52 + -68 - (-26 - -35 - 19).
-6
What is 82 + (-1 + -2 - (-29 + 57 + -45))?
96
Evaluate -421 - -369 - (1 + -79).
26
Evaluate (-8 - (11 + -29)) + (-1 - 52) + 0 - 6.
-49
Calculate -959 - -927 - (50 + (-3 - 1)).
-78
What is the value of -20 + -21 + 16 + 5 - 9?
-29
(-8 - (-32 - -22)) + 20 - 64
-42
What is 65 + 14 + (-234 - -73)?
-82
What is -8 - (20 + 4) - (15 - 9)?
-38
What is the value of 47 - (-5 + (-36 - -65))?
23
Calculate (71 - 286) + 197 + (0 - 4).
-22
-68 + (-1 - (-51 - -47))
-65
What is the value of -71 - (54 + -124 - -65)?
-66
What is the value of -8 + (69 + -10 - (60 + -78))?
69
-50 - -1 - (-421 - -372)
0
0 + -1 - (3 - 5) - (13 + -11 - 2)
1
What is the value of (9 - (-6 + 8)) + 4 - 0 - (-158 - -95)?
74
Calculate (-1 + 1 - -34) + (123 + -102 - (-5 - -31)).
29
Evaluate (0 - 43 - 4) + 23 + -14 + -19 - -6.
-51
Evaluate -515 - -512 - (-3 + (-25 - -70 - (-1 + 3))).
-43
Calculate (-99 - -21 - -27 - -20) + -43.
-74
Calculate 0 + (8 - (3 + 1) - 3) + -4 + 15.
12
What is 54 - (-36 - (71 - 197))?
-36
Calculate 39 - (29 - -14) - -21.
17
Evaluate -1 - 2 - (-13 + 2 + -80 + (13 - -2)).
73
What is the value of 1 - (3 - 18) - (163 - 200)?
53
Evaluate 17 + -51 + (-35 - -102).
33
Evaluate (4 + 4 - (41 + 2 - 7)) + -8.
-36
-53 + (-99 - 14) + 48
-118
51 - (-7 + (-27 - -22 - -22))
41
What is (30 - 178 - -156) + (1 + -46 - (1 + 0))?
-38
(-9 - 76) + (-7 - -10) + (15 - 13)
-80
What is the value of 19 + -1 + 1 + (-21 - -17) + (88 - 88)?
15
(28 - -72) + -109 - -57
48
What is 17 - (10 + (-79 - -73 - (3 - 52)))?
-36
86 + -1 + (-10 - 53)
22
What is the value of -58 - (-52 + 148 + -127)?
-27
What is the value of -13 + (-10 - (-21 + 13)) + -3 + 35?
17
What is the value of 0 - 42 - (10 + -7) - (-66 + -7 + 76)?
-48
Calculate -1435 + 1424 - ((-1 - -2) + -2 + 32).
-42
Evaluate 805 + -798 - (-30 - (5 + -7)).
35
Calculate (289 - 280) + (-1 - ((4 - 5) + 6)).
3
Calculate -11 + 1 + -1 + 7 + (9 - (8 - -3)).
-6
-57 - 27 - (-15 + -8) - 44
-105
1 - 0 - (14 - (10 - (-26 - -27))) - -75
71
What is -17 + 14 + -11 - (11 - 3 - -26)?
-48
Calculate -18 - (-251 - -245 - (37 - 4 - -4)).
25
(9 + 6 + -1 - (24 + -15)) + -8 + 74
71
Calculate (31 - 20 - 3) + -27.
-19
-15 + 12 + -7 + -101 + 88 + 86 + -2
61
Evaluate 18 + 0 + (9 + -8 - (-11 + 18)).
12
Calculate -16 + 1 + (-13 - (-30 - -32)).
-30
Calculate -6 - -7 - -2 - 25 - -10 - -24.
12
What is 14 + -1 + (150 - (89 - (-7 - -43)))?
110
What is the value of -19 - (8 - -24 - (77 + -1))?
25
What is 9 + (1 - 2) - 1 - (-15 + 29)?
-7
What is the value of ((-31 - -18) + -18 - -17) + (-7 + -44 - -3)?
-62
290 + -330 - (-3 - (-3 - -6) - (-1 + -11))
-46
Calculate (15 - -3 - 39) + 29 - -9 - -1.
18
Calculate -79 - -29 - (5 + -25 + 1).
-31
What is -4 + (129 - 129) + (0 - 11)?
-15
What is the value of -12 - ((95 + -89 - (1 + 3)) + (6 - 1))?
-19
What is the value of 43 + 110 + -49 + -90?
14
-345 - -345 - ((-3 - -1) + 11)
-9
Calculate (34 - (-5 - -37)) + -3 + 63.
62
Calculate -37 - ((-25 - -13) + (4 - 15)).
-14
-9 + 4 + 6 + -45 + 104 + 36
96
Calculate 60 + (2 - (-13 + (2 - 12 - -5)) - 9).
71
What is the value of (87 - 201) + 53 + -13?
-74
What is (119 - -15) + -38 + (-20 - 3)?
73
-105 + (6 - -70) + 15 + 0 + -1
-15
What is the value of -714 + 761 - (1 + -6 - -7)?
45
Evaluate 57 + (78 - -13) + -72.
76
Calculate (-10 - -1) + (39 - 21) - (9 + 22).
-22
What is the value of 5 - ((-20 + -29 - -39) + 0 + 13)?
2
What is -7 - (-377 + 316 + (-1 - (-12 + 2)))?
45
Calculate 4 + (32 - 51 - (0 + -9)) + 7.
1
What is 186 + -145 + (-24 - 7)?
10
-8 + (12 + -45 + 14 - -10 - (1 + 0))
-18
Evaluate -210 + 198 - (41 - 66).
13
What is -3 - (-7 + (3 - 0 - (-60 - (4 - -8))))?
-71
What is -14 + 23 + (0 - 3 - (5 + 1 + 2))?
-2
Calculate 0 + -20 + (62 - (-16 - -14)).
44
(-29 - 0) + (-706 - -691)
-44
What is the value of 65 + 21 + -49 + 7 + -14?
30
What is the value of 33 + -32 - (32 + -31 - (-44 + -1))?
-45
6 - (-5 + (-107 - -59))
59
-339 + 289 - (-3 + (-1 - 0))
-46
What is (-3 - 0) + -14 + (39 - 85) + 85?
22
Calculate -5 + 57 + -46 + -47 + 67.
26
Evaluate 16 + (-10 - (2 + -7)) + -11 - 28.
-28
What is the value of -10 - (-6 + (8 - -1) + (8 - (14 + -5)))?
-12
Evaluate -74 - -44 - (13 - 4).
-39
What is the value of 34 - (-8 + (9 - (-1 - 23)))?
9
What is the value of -28 + (17 - (-18 + 77))?
-70
Evaluate 40 + 8 + -71 + 6.
-17
What is 9 - (-1 + 25 + -10 + 42 + -21)?
-26
Evaluate (39 - (-45 + 53)) + -92.
-61
What is the value of (15 - (17 + -18)) + (-61 - 3)?
-48
Evaluate (18 - (31 + 0 - 18)) + -1 + 30.
34
What is the value of -3 - -1 - ((16 - (-4 + 8 - 8)) + -12)?
-10
-2486 + 2393 - (-110 + 0)
17
What is (242 - 63) + -158 + -1 + 1 + 15?
36
Calculate 49 + (-9 - (17 - (27 + -8))).
42
What is the value of 538 - 539 - (0 + (-34 + -2 - 1))?
36
What is (1221 - 1219) + (1 + -11 - -2)?
-6
Calculate -39 + -95 + 51 + 50.
-33
Calculate -47 + 77 + -41 + 2 + 2 + -44.
-51
45 - (-15 - -60 - (-67 - -37))
-30
Evaluate -8 + (-24 - (-23 - (32 - 21))).
2
Evaluate 0 + -11 + (-35 - (-4 - ((58 - 7) + -35))).
-26
What is 42 + -46 + -143 + 71?
-76
Calculate (-1 - (35 + -9)) + 82 - 8.
47
What is the value of -27 + 19 + (13 - (24 + -3)) + -16?
-32
What is 48 + (73 - 81 - (-5 - (2 + -1)))?
46
(0 + 113 - 0) + -1 + 15 + 3244 + -3262
109
Calculate 1 + -31 + (33 + -13 - 26 - 0).
-36
Calculate 29 + -1 - (1117 - 1040).
-49
Calculate -19 - (0 - 6) - (-7 - 31).
25
Evaluate 48 + -76 - (-79 - -25).
26
Calculate -2 + -44 + -31 + 1 + -11 + (61 - 48).
-74
Evaluate -31 + -64 + 63 + 38.
6
Calculate 45 + 3 + -2 + (6 + -12 - -4) - 4.
40
(-21 - -39) + (-2 - (9 + -7 + 102))
-88
What is -3 + (4 - (-33 - 1)) - (-7 + 60 + -48)?
30
What is the value of ((-29 - -19) + -10 - 1) + (4 - 5)?
-22
Evaluate 10849 + -10894 - (13 + 2).
-60
Evaluate -40 - (36 + -54 + -19).
-3
-61 - (-3 - (1 - -16))
-41
(-1 - (-1 - -21)) + (36 - 61 - -45 - 20)
-21
What is (34 - -1) + 14 + 27 + -41?
35
What is the value of -9 + (-21 + -55 - -144)?
59
What is the value of -35 + -59 + (-33 - -138)?
11
Calculate (670 - 674 - ((-2 - -1) + 24)) + -11.
-38
Evaluate 11 - ((-16 - -24) + -24 + 111 - -6).
-90
Evaluate (0 - 14) + 69 + (31 + -39 - 2).
45
Evaluate -138 - (-15 + 11 + -12 + 11 + -11 + 8).
-130
What is the value of -2 - -44 - (-3 - -2 - (-1012 + 1006))?
37
Calculate (-8 + 37 - (9 + 1)) + -10 - (-134 - 3).
146
What is the value of (2 - -4) + -7 - (14 + (-20 + 13 - 111))?
103
Evaluate 16 - (-1 - 0) - (-10773 - -10807).
-17
What is (29 + -28 + 0 - 17) + -38?
-54
Evaluate (6 - 0) + ((-14 - (-6 - 6)) + -2 - 2).
0
What is the value of -20 + 12 + -30 + (-5 - -6)?
-37
Evaluate -13 - (3 + (-5 - -20) + 6 + -8).
-29
What is the value of -1 + -13 + (1282 - 1212) + 14?
70
What is the value of (1053 + -1062 - (25 + -2)) + 8?
-24
69 - 8 - ((-20 - -41) + 2)
38
What is -11 + (-66 - -58) + (-2 - -1 - -2)?
-18
What is (-134 - -31) + (-9 - -148)?
36
What is (1 - 11) + (-35 - -20 - -32 - 9)?
-2
Evaluate (42 - -78) + (137 - 257).
0
Evaluate -73 - (-7 + 29 - 30).
-65
